{"id":310,"date":"2023-03-20T17:36:50","date_gmt":"2023-03-20T15:36:50","guid":{"rendered":"https:\/\/codognan-tennisclub.fr\/?page_id=310"},"modified":"2024-12-01T22:14:57","modified_gmt":"2024-12-01T20:14:57","slug":"mot-du-president","status":"publish","type":"page","link":"https:\/\/codognan-tennisclub.fr\/index.php\/club-historique\/mot-du-president\/","title":{"rendered":"Le mot du pr\u00e9sident"},"content":{"rendered":"\n<p>Bonjour \u00e0 tous,<\/p>\n\n\n\n<p>Je suis ravi de vous accueillir sur le site internet du Codognan Tennis Club. En tant que pr\u00e9sident de ce club familial et convivial, je suis fier de notre communaut\u00e9 passionn\u00e9e de tennis, qui met l&rsquo;accent \u00e0 la fois sur l&rsquo;amusement et la performance.<\/p>\n\n\n\n<p>Notre club est modeste mais dynamique, avec des membres de tous les \u00e2ges et de tous les niveaux. Que vous soyez un d\u00e9butant ou un joueur confirm\u00e9, vous trouverez une place chez nous. Nous offrons des entra\u00eenements r\u00e9guliers, des tournois et des \u00e9v\u00e9nements sociaux pour que nos membres puissent profiter d&rsquo;une exp\u00e9rience tennistique compl\u00e8te.<br>Il a \u00e9galement une forte culture de l&rsquo;amiti\u00e9 et de la camaraderie. Nous sommes tous ici pour nous amuser, nous soutenir mutuellement et cr\u00e9er des liens durables avec nos co\u00e9quipiers et adversaires.<\/p>\n\n\n\n<p>Je suis heureux de vous inviter \u00e0 d\u00e9couvrir notre communaut\u00e9 tennistique chaleureuse et accueillante. Venez nous rejoindre sur les courts et d\u00e9couvrez par vous-m\u00eame pourquoi le Codognan Tennis Club est un endroit si sp\u00e9cial.<br><br>Sportivement,<\/p>\n\n\n\n<div class=\"wp-block-group is-layout-constrained wp-block-group-is-layout-constrained\">\n<p>Yoann RENAULT<br>Pr\u00e9sident du Codognan Tennis Club<\/p>\n<\/div>\n","protected":false},"excerpt":{"rendered":"<p>Bonjour \u00e0 tous, Je suis ravi de vous accueillir sur le site internet du Codognan Tennis Club. En tant que pr\u00e9sident de ce club familial et convivial, je suis fier de notre communaut\u00e9 passionn\u00e9e de tennis, qui met l&rsquo;accent \u00e0 la fois sur l&rsquo;amusement et la performance. Notre club est modeste mais dynamique, avec des [&hellip;]<\/p>\n","protected":false},"author":1,"featured_media":0,"parent":8,"menu_order":0,"comment_status":"closed","ping_status":"closed","template":"","meta":{"_coblocks_attr":"","_coblocks_dimensions":"","_coblocks_responsive_height":"","_coblocks_accordion_ie_support":"","_uag_custom_page_level_css":"","ub_ctt_via":"","_monsterinsights_skip_tracking":false,"_monsterinsights_sitenote_active":false,"_monsterinsights_sitenote_note":"","_monsterinsights_sitenote_category":0,"footnotes":""},"class_list":["post-310","page","type-page","status-publish","hentry"],"blocksy_meta":[],"featured_image_src":null,"yoast_head":"<!-- This site is optimized with the Yoast SEO plugin v24.1 - https:\/\/yoast.com\/wordpress\/plugins\/seo\/ -->\n<title>Le mot du pr\u00e9sident - Site du Codognan Tennis Club<\/title>\n<meta name=\"robots\" content=\"index, follow, max-snippet:-1, max-image-preview:large, max-video-preview:-1\" \/>\n<link rel=\"canonical\" href=\"https:\/\/codognan-tennisclub.fr\/index.php\/club-historique\/mot-du-president\/\" \/>\n<meta property=\"og:locale\" content=\"fr_FR\" \/>\n<meta property=\"og:type\" content=\"article\" \/>\n<meta property=\"og:title\" content=\"Le mot du pr\u00e9sident - Site du Codognan Tennis Club\" \/>\n<meta property=\"og:description\" content=\"Bonjour \u00e0 tous, Je suis ravi de vous accueillir sur le site internet du Codognan Tennis Club. En tant que pr\u00e9sident de ce club familial et convivial, je suis fier de notre communaut\u00e9 passionn\u00e9e de tennis, qui met l&rsquo;accent \u00e0 la fois sur l&rsquo;amusement et la performance. Notre club est modeste mais dynamique, avec des [&hellip;]\" \/>\n<meta property=\"og:url\" content=\"https:\/\/codognan-tennisclub.fr\/index.php\/club-historique\/mot-du-president\/\" \/>\n<meta property=\"og:site_name\" content=\"Site du Codognan Tennis Club\" \/>\n<meta property=\"article:publisher\" content=\"https:\/\/www.facebook.com\/tennisclub.codognan\" \/>\n<meta property=\"article:modified_time\" content=\"2024-12-01T20:14:57+00:00\" \/>\n<meta property=\"og:image\" content=\"https:\/\/codognan-tennisclub.fr\/wp-content\/uploads\/2023\/08\/Logo-CTC-site.png\" \/>\n\t<meta property=\"og:image:width\" content=\"1200\" \/>\n\t<meta property=\"og:image:height\" content=\"675\" \/>\n\t<meta property=\"og:image:type\" content=\"image\/png\" \/>\n<meta name=\"twitter:card\" content=\"summary_large_image\" \/>\n<meta name=\"twitter:label1\" content=\"Dur\u00e9e de lecture estim\u00e9e\" \/>\n\t<meta name=\"twitter:data1\" content=\"1 minute\" \/>\n<script type=\"application\/ld+json\" class=\"yoast-schema-graph\">{\"@context\":\"https:\/\/schema.org\",\"@graph\":[{\"@type\":\"WebPage\",\"@id\":\"https:\/\/codognan-tennisclub.fr\/index.php\/club-historique\/mot-du-president\/\",\"url\":\"https:\/\/codognan-tennisclub.fr\/index.php\/club-historique\/mot-du-president\/\",\"name\":\"Le mot du pr\u00e9sident - Site du Codognan Tennis Club\",\"isPartOf\":{\"@id\":\"https:\/\/codognan-tennisclub.fr\/#website\"},\"datePublished\":\"2023-03-20T15:36:50+00:00\",\"dateModified\":\"2024-12-01T20:14:57+00:00\",\"breadcrumb\":{\"@id\":\"https:\/\/codognan-tennisclub.fr\/index.php\/club-historique\/mot-du-president\/#breadcrumb\"},\"inLanguage\":\"fr-FR\",\"potentialAction\":[{\"@type\":\"ReadAction\",\"target\":[\"https:\/\/codognan-tennisclub.fr\/index.php\/club-historique\/mot-du-president\/\"]}]},{\"@type\":\"BreadcrumbList\",\"@id\":\"https:\/\/codognan-tennisclub.fr\/index.php\/club-historique\/mot-du-president\/#breadcrumb\",\"itemListElement\":[{\"@type\":\"ListItem\",\"position\":1,\"name\":\"Accueil\",\"item\":\"https:\/\/codognan-tennisclub.fr\/\"},{\"@type\":\"ListItem\",\"position\":2,\"name\":\"Le Club\",\"item\":\"https:\/\/codognan-tennisclub.fr\/index.php\/club-historique\/\"},{\"@type\":\"ListItem\",\"position\":3,\"name\":\"Le mot du pr\u00e9sident\"}]},{\"@type\":\"WebSite\",\"@id\":\"https:\/\/codognan-tennisclub.fr\/#website\",\"url\":\"https:\/\/codognan-tennisclub.fr\/\",\"name\":\"Site du Codognan Tennis Club\",\"description\":\"\",\"publisher\":{\"@id\":\"https:\/\/codognan-tennisclub.fr\/#organization\"},\"potentialAction\":[{\"@type\":\"SearchAction\",\"target\":{\"@type\":\"EntryPoint\",\"urlTemplate\":\"https:\/\/codognan-tennisclub.fr\/?s={search_term_string}\"},\"query-input\":{\"@type\":\"PropertyValueSpecification\",\"valueRequired\":true,\"valueName\":\"search_term_string\"}}],\"inLanguage\":\"fr-FR\"},{\"@type\":\"Organization\",\"@id\":\"https:\/\/codognan-tennisclub.fr\/#organization\",\"name\":\"Codognan Tennis Club\",\"url\":\"https:\/\/codognan-tennisclub.fr\/\",\"logo\":{\"@type\":\"ImageObject\",\"inLanguage\":\"fr-FR\",\"@id\":\"https:\/\/codognan-tennisclub.fr\/#\/schema\/logo\/image\/\",\"url\":\"https:\/\/codognan-tennisclub.fr\/wp-content\/uploads\/2022\/10\/Logo2-carre.jpg\",\"contentUrl\":\"https:\/\/codognan-tennisclub.fr\/wp-content\/uploads\/2022\/10\/Logo2-carre.jpg\",\"width\":1571,\"height\":1571,\"caption\":\"Codognan Tennis Club\"},\"image\":{\"@id\":\"https:\/\/codognan-tennisclub.fr\/#\/schema\/logo\/image\/\"},\"sameAs\":[\"https:\/\/www.facebook.com\/tennisclub.codognan\",\"https:\/\/www.instagram.com\/tennisclub_codognan\/?hl=fr\"]}]}<\/script>\n<!-- \/ Yoast SEO plugin. -->","yoast_head_json":{"title":"Le mot du pr\u00e9sident - Site du Codognan Tennis Club","robots":{"index":"index","follow":"follow","max-snippet":"max-snippet:-1","max-image-preview":"max-image-preview:large","max-video-preview":"max-video-preview:-1"},"canonical":"https:\/\/codognan-tennisclub.fr\/index.php\/club-historique\/mot-du-president\/","og_locale":"fr_FR","og_type":"article","og_title":"Le mot du pr\u00e9sident - Site du Codognan Tennis Club","og_description":"Bonjour \u00e0 tous, Je suis ravi de vous accueillir sur le site internet du Codognan Tennis Club. En tant que pr\u00e9sident de ce club familial et convivial, je suis fier de notre communaut\u00e9 passionn\u00e9e de tennis, qui met l&rsquo;accent \u00e0 la fois sur l&rsquo;amusement et la performance. Notre club est modeste mais dynamique, avec des [&hellip;]","og_url":"https:\/\/codognan-tennisclub.fr\/index.php\/club-historique\/mot-du-president\/","og_site_name":"Site du Codognan Tennis Club","article_publisher":"https:\/\/www.facebook.com\/tennisclub.codognan","article_modified_time":"2024-12-01T20:14:57+00:00","og_image":[{"width":1200,"height":675,"url":"https:\/\/codognan-tennisclub.fr\/wp-content\/uploads\/2023\/08\/Logo-CTC-site.png","type":"image\/png"}],"twitter_card":"summary_large_image","twitter_misc":{"Dur\u00e9e de lecture estim\u00e9e":"1 minute"},"schema":{"@context":"https:\/\/schema.org","@graph":[{"@type":"WebPage","@id":"https:\/\/codognan-tennisclub.fr\/index.php\/club-historique\/mot-du-president\/","url":"https:\/\/codognan-tennisclub.fr\/index.php\/club-historique\/mot-du-president\/","name":"Le mot du pr\u00e9sident - Site du Codognan Tennis Club","isPartOf":{"@id":"https:\/\/codognan-tennisclub.fr\/#website"},"datePublished":"2023-03-20T15:36:50+00:00","dateModified":"2024-12-01T20:14:57+00:00","breadcrumb":{"@id":"https:\/\/codognan-tennisclub.fr\/index.php\/club-historique\/mot-du-president\/#breadcrumb"},"inLanguage":"fr-FR","potentialAction":[{"@type":"ReadAction","target":["https:\/\/codognan-tennisclub.fr\/index.php\/club-historique\/mot-du-president\/"]}]},{"@type":"BreadcrumbList","@id":"https:\/\/codognan-tennisclub.fr\/index.php\/club-historique\/mot-du-president\/#breadcrumb","itemListElement":[{"@type":"ListItem","position":1,"name":"Accueil","item":"https:\/\/codognan-tennisclub.fr\/"},{"@type":"ListItem","position":2,"name":"Le Club","item":"https:\/\/codognan-tennisclub.fr\/index.php\/club-historique\/"},{"@type":"ListItem","position":3,"name":"Le mot du pr\u00e9sident"}]},{"@type":"WebSite","@id":"https:\/\/codognan-tennisclub.fr\/#website","url":"https:\/\/codognan-tennisclub.fr\/","name":"Site du Codognan Tennis Club","description":"","publisher":{"@id":"https:\/\/codognan-tennisclub.fr\/#organization"},"potentialAction":[{"@type":"SearchAction","target":{"@type":"EntryPoint","urlTemplate":"https:\/\/codognan-tennisclub.fr\/?s={search_term_string}"},"query-input":{"@type":"PropertyValueSpecification","valueRequired":true,"valueName":"search_term_string"}}],"inLanguage":"fr-FR"},{"@type":"Organization","@id":"https:\/\/codognan-tennisclub.fr\/#organization","name":"Codognan Tennis Club","url":"https:\/\/codognan-tennisclub.fr\/","logo":{"@type":"ImageObject","inLanguage":"fr-FR","@id":"https:\/\/codognan-tennisclub.fr\/#\/schema\/logo\/image\/","url":"https:\/\/codognan-tennisclub.fr\/wp-content\/uploads\/2022\/10\/Logo2-carre.jpg","contentUrl":"https:\/\/codognan-tennisclub.fr\/wp-content\/uploads\/2022\/10\/Logo2-carre.jpg","width":1571,"height":1571,"caption":"Codognan Tennis Club"},"image":{"@id":"https:\/\/codognan-tennisclub.fr\/#\/schema\/logo\/image\/"},"sameAs":["https:\/\/www.facebook.com\/tennisclub.codognan","https:\/\/www.instagram.com\/tennisclub_codognan\/?hl=fr"]}]}},"uagb_featured_image_src":{"full":false,"thumbnail":false,"medium":false,"medium_large":false,"large":false,"1536x1536":false,"2048x2048":false},"uagb_author_info":{"display_name":"tennisclubcodognan","author_link":"https:\/\/codognan-tennisclub.fr\/index.php\/author\/tennisclubcodognan\/"},"uagb_comment_info":0,"uagb_excerpt":"Bonjour \u00e0 tous, Je suis ravi de vous accueillir sur le site internet du Codognan Tennis Club. En tant que pr\u00e9sident de ce club familial et convivial, je suis fier de notre communaut\u00e9 passionn\u00e9e de tennis, qui met l&rsquo;accent \u00e0 la fois sur l&rsquo;amusement et la performance. Notre club est modeste mais dynamique, avec des\u2026","_links":{"self":[{"href":"https:\/\/codognan-tennisclub.fr\/index.php\/wp-json\/wp\/v2\/pages\/310","targetHints":{"allow":["GET"]}}],"collection":[{"href":"https:\/\/codognan-tennisclub.fr\/index.php\/wp-json\/wp\/v2\/pages"}],"about":[{"href":"https:\/\/codognan-tennisclub.fr\/index.php\/wp-json\/wp\/v2\/types\/page"}],"author":[{"embeddable":true,"href":"https:\/\/codognan-tennisclub.fr\/index.php\/wp-json\/wp\/v2\/users\/1"}],"replies":[{"embeddable":true,"href":"https:\/\/codognan-tennisclub.fr\/index.php\/wp-json\/wp\/v2\/comments?post=310"}],"version-history":[{"count":5,"href":"https:\/\/codognan-tennisclub.fr\/index.php\/wp-json\/wp\/v2\/pages\/310\/revisions"}],"predecessor-version":[{"id":1504,"href":"https:\/\/codognan-tennisclub.fr\/index.php\/wp-json\/wp\/v2\/pages\/310\/revisions\/1504"}],"up":[{"embeddable":true,"href":"https:\/\/codognan-tennisclub.fr\/index.php\/wp-json\/wp\/v2\/pages\/8"}],"wp:attachment":[{"href":"https:\/\/codognan-tennisclub.fr\/index.php\/wp-json\/wp\/v2\/media?parent=310"}],"curies":[{"name":"wp","href":"https:\/\/api.w.org\/{rel}","templated":true}]}}